{"id":500,"date":"2019-01-06T14:55:23","date_gmt":"2019-01-06T13:55:23","guid":{"rendered":"http:\/\/3ike.de\/?page_id=500"},"modified":"2019-01-08T19:08:20","modified_gmt":"2019-01-08T18:08:20","slug":"ausruestung","status":"publish","type":"page","link":"https:\/\/3ike.de\/index.php\/ausruestung\/","title":{"rendered":"Ausr\u00fcstung"},"content":{"rendered":"<h3>3ike<\/h3>\n<p><strong>HP Velotechnik Scorpion fx mit Rohloff Speedhub 500\/14<\/strong><\/p>\n<p>Zu der Kombination muss man nicht viel sagen, au\u00dfer: \u00e4u\u00dferst Zuverl\u00e4ssig. Sicher hat ein 3Rad auch Nachteile, aber f\u00fcr mich \u00fcberwiegen die Vorteile. Alleine der Fahrtkomfort (keine Sitz- und R\u00fcckenbeschwerden) macht alles wieder wett. Au\u00dferdem, einen Tod musst du sterben.<\/p>\n<p>Einzig die hydraulischen Scheibenbremsen Shimano XT habe ich nach ~5000km gegen mechanische TRP Spyke getauscht. Macht Reparaturen vor Ort einfacher und einen Totalausfall brauche ich nicht noch einmal. Mit der Bremswirkung der Spyke bin ich sehr zufrieden.<\/p>\n<p><img loading=\"lazy\" class=\"alignnone size-full wp-image-517\" src=\"http:\/\/3ike.de\/wp-content\/uploads\/2019\/01\/Scorpion_fx_links_perlorange_tour_BodyLink_Taschen_1000.jpg\" alt=\"\" width=\"1000\" height=\"563\" srcset=\"https:\/\/3ike.de\/wp-content\/uploads\/2019\/01\/Scorpion_fx_links_perlorange_tour_BodyLink_Taschen_1000.jpg 1000w, https:\/\/3ike.de\/wp-content\/uploads\/2019\/01\/Scorpion_fx_links_perlorange_tour_BodyLink_Taschen_1000-300x169.jpg 300w\" sizes=\"(max-width: 1000px) 100vw, 1000px\" \/><\/p>\n<p>Bild: HP Velotechnik<\/p>\n<h3>Zelt<\/h3>\n<p><strong>Robens Voyager 2EX<\/strong><\/p>\n<p>Mit ~3,4kg kein Superleichtzelt, aber eine gro\u00dfe Apsis und Zeltmaterial das bei N\u00e4sse seine Form beh\u00e4lt und nicht nachgibt, somit entf\u00e4llt das l\u00e4stige Nachspannen im Regen.<\/p>\n<p><img loading=\"lazy\" class=\"alignnone size-large wp-image-511\" src=\"http:\/\/3ike.de\/wp-content\/uploads\/2019\/01\/robens-tent-voyager-2ex-1200x505.jpg\" alt=\"\" width=\"860\" height=\"362\" srcset=\"https:\/\/3ike.de\/wp-content\/uploads\/2019\/01\/robens-tent-voyager-2ex-1200x505.jpg 1200w, https:\/\/3ike.de\/wp-content\/uploads\/2019\/01\/robens-tent-voyager-2ex-300x126.jpg 300w, https:\/\/3ike.de\/wp-content\/uploads\/2019\/01\/robens-tent-voyager-2ex.jpg 1278w\" sizes=\"(max-width: 860px) 100vw, 860px\" \/><\/p>\n<p>Bild: Robens<\/p>\n<h3>Schlafen<\/h3>\n<p><strong>Exped Synmat 7LW, Air Pillow M, Schnozzel Pumpbag<\/strong><\/p>\n<p>Es geht nichts \u00fcber guten Schlafkomfort auf langen Radreisen, mit den Produkten von Exped habe ich bisher immer gut gelegen.<\/p>\n<h3>Kochen<\/h3>\n<p>Trangia, Jetboil ZIP<\/p>\n","protected":false},"excerpt":{"rendered":"<p>3ike HP Velotechnik Scorpion fx mit Rohloff Speedhub 500\/14 Zu der Kombination muss man nicht viel sagen, au\u00dfer: \u00e4u\u00dferst Zuverl\u00e4ssig. Sicher hat ein 3Rad auch Nachteile, aber f\u00fcr mich \u00fcberwiegen die Vorteile. Alleine der Fahrtkomfort (keine Sitz- und R\u00fcckenbeschwerden) macht alles wieder wett. Au\u00dferdem, einen Tod musst du sterben. Einzig die hydraulischen Scheibenbremsen Shimano XT habe ich nach ~5000km gegen [&#8230;]<\/p>\n","protected":false},"author":1,"featured_media":0,"parent":0,"menu_order":0,"comment_status":"closed","ping_status":"closed","template":"","meta":[],"_links":{"self":[{"href":"https:\/\/3ike.de\/index.php\/wp-json\/wp\/v2\/pages\/500"}],"collection":[{"href":"https:\/\/3ike.de\/index.php\/wp-json\/wp\/v2\/pages"}],"about":[{"href":"https:\/\/3ike.de\/index.php\/wp-json\/wp\/v2\/types\/page"}],"author":[{"embeddable":true,"href":"https:\/\/3ike.de\/index.php\/wp-json\/wp\/v2\/users\/1"}],"replies":[{"embeddable":true,"href":"https:\/\/3ike.de\/index.php\/wp-json\/wp\/v2\/comments?post=500"}],"version-history":[{"count":16,"href":"https:\/\/3ike.de\/index.php\/wp-json\/wp\/v2\/pages\/500\/revisions"}],"predecessor-version":[{"id":522,"href":"https:\/\/3ike.de\/index.php\/wp-json\/wp\/v2\/pages\/500\/revisions\/522"}],"wp:attachment":[{"href":"https:\/\/3ike.de\/index.php\/wp-json\/wp\/v2\/media?parent=500"}],"curies":[{"name":"wp","href":"https:\/\/api.w.org\/{rel}","templated":true}]}}